hat is the hundreds digit of 24/(-60) - 642/c?
1
Let o = -313 + 333. Suppose o*r = 5796 + 2024. What is the hundreds digit of r?
3
Let y be (9 - 4 - 6) + -324. Let n = y + 767. What is the units digit of n?
2
Let s = -105 + 101. Let m be (-520)/(-195) - (s/(-3))/(-1). Suppose -3*q + 581 = m*d, -2*d = d + 2*q - 436. What is the hundreds digit of d?
1
Let j(x) be the first derivative of -x**4/4 + 7*x**3/3 - x + 23. Let o(p) = p**3 + p + 5. Let m be o(0). What is the units digit of j(m)?
9
Suppose y - 269 = 5*a, 4*y - 2*a + a = 1171. Suppose 25*f + y = 28*f. What is the tens digit of f?
9
Suppose 5*v - 54 - 5 = -4*p, 2*v = -3*p + 25. Let b be (-1 + 54/(-2))*(-11)/v. What is the hundreds digit of (-8)/b - 1381*(-3)/21?
1
Suppose 4*z = -66*k + 67*k - 3739, 0 = 4*k + 3*z - 14956. What is the units digit of k?
9
Let j(i) = 193*i**2 + 26*i - 277. What is the units digit of j(10)?
3
What is the tens digit of 66594/15 + ((-4)/(-10) - 0)?
4
Let l = 48 + -33. Let u = 437 - 415. Suppose -m = -l - u. What is the tens digit of m?
3
Let y(s) = -2*s**2 - 8*s - 6. Let z be y(4). Let j = -65 - z. Suppose -25 = -5*m, j*d - 476 = m - 171. What is the tens digit of d?
6
Let t(y) = 4*y**2 - 273*y + 528. What is the thousands digit of t(-38)?
6
Let r(g) be the third derivative of g**6/120 - 3*g**5/10 - 23*g**4/24 + 16*g**3 - 73*g**2. What is the tens digit of r(21)?
3
Suppose 3*r = 6*r - 67212. Let m be 4/18 + r/27. Suppose -26 = 4*t - m. What is the tens digit of t?
0
Let o be (0 - (-3 - -5))*-1. Suppose -6*n + 3*n = -o*m - 8, 0 = 5*m + 20. Suppose -5*d - 7 + 12 = n. What is the units digit of d?
1
Suppose -96*y + 326676 = -448619 + 70175. What is the thousands digit of y?
7
Let z(i) = -i**2 - 14*i - 29. Let t be z(-3). Let r(n) = 336*n - 78. What is the thousands digit of r(t)?
1
Let j be 4 + 2/(-1) + 30 + -2. Suppose 0 = j*a - 0*a - 3360. What is the units digit of a?
2
Suppose 45 = -4*h + 61. Suppose -3*d + y = -4*y - 292, 192 = 2*d - h*y. What is the tens digit of d?
0
Let q(g) = 4 + 41*g - 82*g + 0. Let s be q(-1). Let k = -29 + s. What is the tens digit of k?
1
Suppose -5*t + 25 = -5. Suppose -5*x + 527 = 2*k, -3*k + 778 = t*x - x. What is the hundreds digit of k?
2
Suppose 6*h + 6 = 11*h + 3*s, -2*s - 3 = h. Suppose 0*g + h*p + 1373 = g, 0 = 2*g - 4*p - 2736. What is the units digit of g?
8
What is the thousands digit of 0 - (-3157)/33*120*2?
2
Let z(q) = 125*q + 31. Let v(w) = -w**3 + 9*w**2 + 3*w - 22. Let n be v(9). What is the units digit of z(n)?
6
Let j(c) = -136*c**3 - 4*c**2 - 4*c - 1. Suppose 5*x - 2*x + 2*x = 0. Let i be (x + 1)/(4/(-16)*4). What is the units digit of j(i)?
5
Let g(c) = c + 7. Suppose 2*j + 4*x + 20 = 2*x, -5*x = j + 22. Let m be g(j). Suppose -i + 6*i - 145 = m. What is the units digit of i?
9
Let p(y) = -7*y + 19. Let c(u) = -u**3 - 22*u**2 + 25*u + 46. Let j be c(-23). What is the tens digit of p(j)?
1
Suppose -4*d = -5*c + 4*c + 15609, 5*d = 2*c - 31212. What is the tens digit of c?
0
Let l be ((-120)/(-45))/((-2)/(-3)) - -104. Let g = -104 + l. What is the units digit of g?
4
Suppose -2*i + 46 = 2*k, -i + 3*i = -4*k + 40. Suppose 4*r - i = 74. Suppose -6*b + 3*b - 213 = -4*l, r = 5*b. What is the tens digit of l?
5
Let d(a) = -745*a - 167. Let x be d(-7). Suppose -3*s = 5*f - x, -47*s + 52*s = -20. What is the hundreds digit of f?
0
Let y(q) = -22*q**3 - 14*q**2 + 16*q + 17. What is the tens digit of y(-7)?
6
Suppose n - 1201 = 3139. What is the thousands digit of n?
4
Let w = 9484 + -4369. What is the thousands digit of w?
5
Suppose 3*h - 4*t = -2*t + 16833, -t + 5606 = h. What is the units digit of h?
9
Suppose -4*p + 28 = -8*p - 4*o, 5*p = -4*o - 30. What is the tens digit of (p + -6)/((-48)/5352)?
9
Let m be (-10)/(-15) + (-5 - 320/(-15)). Suppose -m*a = -13132 - 5364. What is the tens digit of a?
8
Let y(n) = n + 18. Let c be y(-5). Suppose 4*u - c + 13 = 0. Suppose -40 = -5*r + 4*v - u, 24 = r - 4*v. What is the units digit of r?
4
Let p(x) = x - 56. Let i be p(20). What is the hundreds digit of (-12915)/i + (-1)/(-4) - -1?
3
Let k(o) = 11*o + 15. Let g(a) = 3*a + 21. Let b be g(-7). Suppose b = 3*j - 5*s - 47, 3*j + 4*s - 2 = j. What is the hundreds digit of k(j)?
1
Let u(d) = -10*d**2 - 60*d**3 + 129*d**3 - 73*d**3 - 7*d - 41. What is the thousands digit of u(-8)?
1
Let s = -132 + -433. Let g = 1069 + s. What is the hundreds digit of g?
5
Suppose 12*d - 21*d = -42039. Suppose 30*s - 639 = d. What is the tens digit of s?
7
Suppose -3*y = -2*y - 0*y. What is the units digit of (-1 + y)*(3780/(-7) + 3)?
7
Let r = -27 + 32. Suppose 0 = -2*u - 0*u + 2. Suppose -h = -5*b, -u = r*b - b - h. What is the units digit of b?
1
Suppose 1338*n = 1325*n + 30706. What is the tens digit of n?
6
Let m be (-102565)/(-55) - (-8)/44. Suppose -2*z + m - 364 = 3*i, -4*z = 4*i - 2008. What is the units digit of i?
7
Let p(b) be the second derivative of 278*b**3/3 + 14*b**2 - 111*b - 2. What is the tens digit of p(1)?
8
Let b(k) = -27*k + 3. Let i be b(24). Let o = i - -1308. What is the tens digit of o?
6
Suppose -3*p + 10603 = -1826. Suppose -p = 3*b + 1749. What is the hundreds digit of (-3)/(4 + b/488)?
1
Suppose 6*u + 25 - 175 = 0. Let y = 28 - u. Suppose y*z - 4*m + 274 = 5*z, -403 = -3*z + 2*m. What is the tens digit of z?
3
Let j(s) = 23*s**2 - 1. Let v = -17 + 44. Let g = v - 29. What is the units digit of j(g)?
1
Let s(f) = f**3 - 9*f**2 + 17*f - 3. Let g be s(7). What is the units digit of (-4)/(4/(-3))*6714/g?
9
Let v = -63768 + 108464. What is the thousands digit of v?
4
Suppose 4*b + 198 = -18*b. Let j(y) = -y**3 - 10*y**2 - 40*y + 9. What is the units digit of j(b)?
8
Suppose -5*h + 11*a = 6*a - 166880, -5*h - 4*a = -166799. What is the thousands digit of h?
3
Let b = 59 + -40. Let d(o) = -21 - 4*o - b + 15. What is the tens digit of d(-19)?
5
Let y(m) = 7*m**3 + 26*m**2 - 21*m - 2. What is the units digit of y(9)?
8
Let t be 13 - -57 - (1 + 1). Let v be 3 + -4 - t/(-4). What is the tens digit of v + 39 + (0 - -1)?
5
Suppose 0 = 7*u - 10*u - 4*m + 158644, 4*m + 8 = 0. Suppose 6*h - u = -30*h. What is the units digit of h?
9
Suppose 59*o = 1372979 - 272747. What is the ten thousands digit of o?
1
Let j be -13 + 7 + 5 - -1. Suppose 5*u - d - 6681 = j, 0*d + 3*d = -5*u + 6697. What is the units digit of u?
7
Let g = -8 + 10. Let z be (4/3)/((-15)/(-45)). What is the tens digit of 1 + (22/z - -3)*g?
1
Let r(v) = v**3 - 16*v**2 - 69*v + 7. What is the units digit of r(25)?
7
Let m be -4 - 0 - (12 + -33). What is the units digit of 0 + 78 + (12 - m)?
3
Let y = 1 - -11. Let b = -12 + y. Suppose -5*r - 3*d = -0*d - 254, b = r - 2*d - 56. What is the tens digit of r?
5
Suppose 191*v - 195*v + 2*n + 100402 = 0, 0 = -4*v - 5*n + 100339. What is the thousands digit of v?
5
Suppose 5*k = 138*g - 140*g + 37240, -93100 = -5*g - 5*k. What is the thousands digit of g?
8
Let h be (60 - 0)/(6/40). Let j = -62 + 66. Suppose -3*x + h = 4*t, x - t = j*x - 397. What is the tens digit of x?
3
Suppose 0 = -5*b - 3*r + 5376, -1068 = -2*b + b + 3*r. Let z = -546 + b. What is the hundreds digit of z?
5
Suppose p = 4*o - 1099, -4*o + 15*p - 11*p = -1096. Suppose 55 + o = 10*n. What is the units digit of n?
3
Let c = 63 + -58. Suppose c*m - 2*k - 1057 = k, -5*m + 5*k = -1055. Let n = m + -145. What is the tens digit of n?
6
Suppose -5*n - 5 - 4 = -2*l, 0 = l - 4*n. Let s(k) = -14 + 4*k + 6 + 9*k + 2. What is the tens digit of s(l)?
5
Let x = -452 + 237. Let i = -286 - 163. Let o = x - i. What is the tens digit of o?
3
Let t(a) = 2*a**3 - 2*a**2 - 15*a + 2. Let w be t(6). What is the units digit of 3 - (-3)/(18/w)*3?
9
Let b(o) = -o**3 + 21*o**2 + 10*o. Let h be b(21). Let l(q) = 16*q + 14. Let v be l(7). Let z = h - v. What is the units digit of z?
4
Let k(u) = 11*u**3 + 20*u**2 - 23*u - 270. What is the ten thousands digit of k(11)?
1
Let q(m) = -10*m**2 + 5*m**2 + 4*m**3 - 3*m**3 + 156 + 0*m**3 - m + 4*m**2. Let t be (1 + -1)*1*1. What is the tens digit of q(t)?
5
What is the hundreds digit of ((-238)/289)/((-12)/124194) + (-2)/17?
5
Suppose -5*v + 26 = 3*q, -1 = -v + 4*q - 5. Suppose -5*i - 3*d + 1335 = 0, -2*d + v*d = 10. What is the units digit of i?
4
Let p(w) = 42*w**2 - 24*w + 258. What is the ten thousands digit of p(22)?
2
Let b be (4/6)/((-33)